when u is divided by 56?
54
Let j(c) = c**3 - 10*c**2 - 7*c + 5. What is the remainder when 94 is divided by j(11)?
45
Suppose 5*n + 11 = -9, -4*t + 4*n = -16. Suppose t = 3*p - 6*p, 0 = -c - 2*p + 5. What is the remainder when c is divided by (-1)/((-2)/4*(-4)/(-6))?
2
Let a(r) = 14*r - 95. Calculate the remainder when a(9) is divided by 3 - 2 - 48/(-3).
14
Let u(b) = -2*b**3 + 7*b**2 - 3*b + 13. Let p(g) = 3*g**2 + 6*g + 1. Calculate the remainder when p(-5) is divided by u(3).
7
Suppose 4*m - 98 = -2*a, -3*m = -3*a - 59 + 251. Calculate the remainder when 197 is divided by a.
20
Suppose 0*d + 2*d = -x + 168, -d - x = -84. Let m = 4 + d. What is the remainder when m is divided by 31?
26
Let h(y) = y**2 - 23. What is the remainder when 79 is divided by h(-7)?
1
Suppose 2*w = 5*y + 22 + 34, -2*w + 2*y = -50. What is the remainder when w is divided by 4?
3
Let m = -1115 - -1152. Calculate the remainder when 774 is divided by m.
34
Let d(g) = 41*g - 28. Calculate the remainder when 301 is divided by d(2).
31
What is the remainder when 24/20*-5 + 145 is divided by 47?
45
Let p(z) = -4*z**2 - 26*z - 1. Calculate the remainder when 20 is divided by p(-6).
9
Suppose 2*s - 152 = 5*b - 9*b, -5*s + b = -369. What is the remainder when 362 is divided by s?
66
Suppose -3*a + o = 168 + 44, -4*o - 288 = 4*a. Let q(d) = -d**3 + 11*d**2 + 15*d + 9. Calculate the remainder when q(12) is divided by a/(-3) - 2/3.
22
Let r be (4 - -13)/(5/35). Let n = 127 - r. What is the remainder when 35 is divided by n?
3
Suppose 0 = -15*o + 17*o - 114. Let h(m) = -14*m + 1. Let r = 11 + -12. What is the remainder when o is divided by h(r)?
12
Let b = 66 - 61. Suppose b*w - 14 = 21. Calculate the remainder when 81 is divided by w.
4
Suppose 2*x - 31*l + 30*l = 14, 5*l = -3*x + 47. Calculate the remainder when 86 is divided by x.
5
Let k(m) = 2*m**2 + 4*m - 3. Suppose 2*g = -0*g + 4. Calculate the remainder when k(g) is divided by 7 - (18/6 + 6/(-2)).
6
Let r(d) = -d**3 - 4*d**2 - 5*d - 5. Calculate the remainder when 131 is divided by r(-4).
11
Let s(u) = -u**3 + 4*u**2 + 4*u - 4. Let w be s(5). Let l = 25 + w. Calculate the remainder when (-16)/(-4)*94/8 is divided by l.
15
Let b(n) = 2*n**2 + 37*n + 104. Suppose 184 = k + 3*k. Calculate the remainder when k is divided by b(-16).
22
Suppose z + 18 = -b + 2*b, -5*b + 4*z = -87. Let u(g) = -2*g + 37. Calculate the remainder when 31 is divided by u(b).
3
Let p(c) = 2*c**2 + 5*c - 3. Suppose 3*w - 294 = -9*j, 3*j + 12 - 106 = w. What is the remainder when j is divided by p(-4)?
5
Let y(a) = a + 2. Let i be y(3). Suppose 0 = -i*t - b + 323, 2*b + 2*b + 52 = t. Suppose t = 5*s - 221. Calculate the remainder when s is divided by 20.
17
Let d(b) = -13 - 2*b - 6*b + 0*b + 0*b. Suppose 5*q + 48 = 3. What is the remainder when d(q) is divided by 20?
19
Let p = 352 - -331. Calculate the remainder when p is divided by 19.
18
Let m = 1163 + -1092. What is the remainder when m is divided by 8?
7
Suppose -7*z - 12 = -z. Let j(n) = -n**2 - 8*n. Calculate the remainder when z + 3 + -1 + 2 + 33 is divided by j(-6).
11
Suppose z + 1 = -3, l - 225 = 5*z. Calculate the remainder when l is divided by 26.
23
What is the remainder when 83 is divided by (-200)/(-30) - 6/9?
5
Let l be 45/(-15)*(112/3)/2. Let a = -44 - l. Calculate the remainder when 29 is divided by a.
5
Suppose 2*l - 66 = -4*l. Calculate the remainder when 33 - (1/(-1) - (8 - l)) is divided by 17.
14
What is the remainder when 1909 is divided by 14*(2/(-5))/((-16)/140)?
47
Let i(r) = 23*r + 966. Calculate the remainder when 185 is divided by i(-40).
1
Let h be (-3 - (-10)/4)/(5/800). What is the remainder when 97 is divided by (-15)/35 + h/(-7)?
9
Suppose 0 = -2*w - 4*g - 48 + 222, 5*g = -15. Calculate the remainder when 278 is divided by w.
92
Suppose -440 = -6*g - 152. Let k = g - 39. Suppose -4*y + 50 = -2*y. Calculate the remainder when y is divided by k.
7
Let v(u) = 9*u - 70. Calculate the remainder when v(29) is divided by 28.
23
Suppose 0 = -5*w - 2*b + 1304, 24*b + 252 = w + 20*b. Calculate the remainder when w is divided by 87.
86
Calculate the remainder when 529 is divided by (-4)/10 - (-67)/5.
9
Let x(b) = 11*b - 117. Suppose z - 112 = -4*v - z, 4*v - 124 = -5*z. Calculate the remainder when v is divided by x(12).
11
Let m(w) be the first derivative of 51*w**2/2 - 9*w + 29. What is the remainder when m(1) is divided by 24?
18
Let o be ((-6)/4)/(12/(-72)). Suppose -s + o = 2*f - 60, f - 42 = -2*s. Let i = 147 + -22. What is the remainder when i is divided by f?
29
Let k(v) = v**3 - v**2 - 2. Let d be k(2). Suppose -d*n + 6*n - 40 = 0. Let f(a) = -2*a + 2. Calculate the remainder when n is divided by f(-1).
2
Calculate the remainder when 135 is divided by 8/44 + (-1640)/(-55).
15
Suppose 0 = -2*w + 2*a + 120 + 18, 75 = w - 4*a. What is the remainder when w is divided by (6 - 4)*210/12?
32
Let z(f) = f**2 - 6*f. Let t be 869/99 - 4/(-18). Let s = 12 - t. Calculate the remainder when z(7) is divided by s.
1
Let d = 146 - 93. Let r(o) = o**3 + 3*o**2 - 6*o + 22. Let h be r(-5). Suppose 12*c - h*c - 110 = 0. Calculate the remainder when d is divided by c.
9
Let v(f) = 40*f**3 + f**2 - 1. Let u be v(1). Let x be (-16)/u - 223/5. Calculate the remainder when ((-3)/2)/(x/870) is divided by 10.
9
Let n(s) = -2*s**3 + s**2 + 9*s - 13. Let b be n(5). Let z(p) = -32*p**2 + p + 1. Let x be z(3). Let q = b - x. What is the remainder when q is divided by 31?
29
Let y(j) = j**2 - 3 - 11*j + j**2 - 3*j**2 + 14. Let a = 22 - 13. What is the remainder when y(-8) is divided by a?
8
Let w(y) = 15*y**2 + 3*y. Calculate the remainder when w(-2) is divided by 7.
5
Suppose 0 = -2*i - 3*i + 15, 98 = 4*j - 2*i. What is the remainder when 51 is divided by j?
25
Let q(x) = -x**2 + 9*x. Suppose 0 = -4*y - y + 260. Calculate the remainder when y is divided by q(3).
16
Suppose n = 4*q + 33, n = -q + 2 + 26. Calculate the remainder when n is divided by 8.
5
What is the remainder when 111 is divided by (3 + 0 - 4)*-29?
24
Let q(o) = o**3 + 7*o**2 + 5*o - 2. Let t be q(-6). Suppose t*f - k = 65, 0 = -f + 3*f + 4*k - 10. What is the remainder when 43 is divided by f?
13
Suppose 4*c - 10 = 150. Let n = -818 + 935. Calculate the remainder when n is divided by c.
37
Suppose -2146*a + 69 = -2143*a. Calculate the remainder when 87 is divided by a.
18
Let l = 44 + -34. Let i = -2 + l. What is the remainder when i is divided by 3?
2
Suppose 4*g - 9 = -m, -m - g - g = -7. Suppose -3*o = -0*o - m*j - 44, j = 2. What is the remainder when 69 is divided by o?
15
Calculate the remainder when 206 is divided by (54/(-24))/(4*(-7)/112).
8
Let b be -9*(-2 + (3 - 0)). Let m(y) = -y**2 - 10*y + 8. Let k(w) = -2*w**3 - 8*w**2 + 3*w - 4. What is the remainder when k(-5) is divided by m(b)?
14
Let f = 82 - 16. Calculate the remainder when f is divided by 26.
14
Suppose -3*g - g + 15 = -5*b, -2*g + b + 9 = 0. Suppose 5*t = 3*m - 14, -m - 8*t = -3*t - 18. What is the remainder when m is divided by g?
3
Let s(f) = -3*f**2 - 25*f + 14. Calculate the remainder when 146 is divided by s(-8).
14
Suppose 31*o - 3865 = 12782. Calculate the remainder when o is divided by 15.
12
Suppose 724 = 16*q - 1660. What is the remainder when q is divided by 23?
11
Let u(b) = -2*b - 8. Let j be u(-7). Suppose 0 = -j*q + q + 295. What is the remainder when q is divided by 492/44 + -11 - (130/(-11) + 0)?
11
Let o = 31 + -15. Let v(b) = b**2 + 12*b + 33. Suppose -m = n - 2 + 14, 0 = -5*n - m - 68. What is the remainder when v(n) is divided by o?
13
Let f = -4 - -78. Suppose f = 4*r + 7*x - 6*x, -r - x = -17. What is the remainder when r is divided by 4?
3
Suppose 2*v - 2*j - 48 = 0, -3*v + 21*j + 73 = 19*j. Calculate the remainder when 104 is divided by v.
4
Let f = -159 - -161. Suppose d + f*d = -3*t + 483, -2*d - 155 = -t. What is the remainder when t is divided by 27?
24
Suppose 7*s - 6*s + 7*s = 0. Suppose s = -2*r + 8*r - 474. What is the remainder when r is divided by 28?
23
What is the remainder when (-424)/(-10) - (-6)/(-15) is divided by ((22 - 0) + 1016/127)*2/4?
12
Calculate the remainder when 73*(30/25 + (-1)/5) is divided by 27.
19
Let i = 900 + -861. Calculate the remainder when 115 is divided by i.
37
Suppose 3*b = 4*b - 8. Suppose -3